hat is the remainder when 4937258 is divided by 239?
235
Calculate the remainder when 1115626 is divided by 38467.
83
What is the remainder when 3851986 is divided by 41?
36
What is the remainder when 3197817 is divided by 20?
17
Calculate the remainder when 909949 is divided by 454941.
67
Calculate the remainder when 6824902 is divided by 3412447.
8
What is the remainder when 1360359069 is divided by 70?
69
Calculate the remainder when 5908711 is divided by 2102.
2091
Calculate the remainder when 52520097 is divided by 10504006.
67
What is the remainder when 34991 is divided by 1059?
44
What is the remainder when 417430 is divided by 46380?
10
Calculate the remainder when 9918787 is divided by 11.
10
Calculate the remainder when 116552 is divided by 2429.
2389
What is the remainder when 806780 is divided by 1449?
1136
What is the remainder when 94744 is divided by 11839?
32
What is the remainder when 11506948 is divided by 42?
40
What is the remainder when 45178141 is divided by 11294532?
13
What is the remainder when 84724124 is divided by 3902?
3900
Calculate the remainder when 638947 is divided by 9820.
647
What is the remainder when 100444 is divided by 960?
604
Calculate the remainder when 152499 is divided by 2051.
725
What is the remainder when 9668028 is divided by 172643?
20
What is the remainder when 208082528 is divided by 21?
17
What is the remainder when 526785 is divided by 2925?
285
Calculate the remainder when 35127 is divided by 4992.
183
What is the remainder when 7950906 is divided by 567921?
12
Calculate the remainder when 71222 is divided by 23683.
173
What is the remainder when 12130027 is divided by 4043341?
4
What is the remainder when 10405122 is divided by 867087?
78
What is the remainder when 71156 is divided by 4475?
4031
What is the remainder when 2336661 is divided by 557?
46
What is the remainder when 932199 is divided by 161?
9
What is the remainder when 683335320 is divided by 33?
30
Calculate the remainder when 558537 is divided by 92919.
1023
What is the remainder when 35163 is divided by 2636?
895
What is the remainder when 6803215 is divided by 425199?
31
What is the remainder when 266509405 is divided by 44?
41
Calculate the remainder when 488463910 is divided by 6285.
6280
Calculate the remainder when 1075165 is divided by 10971.
7
Calculate the remainder when 199370 is divided by 296.
162
What is the remainder when 1010761 is divided by 2241?
70
Calculate the remainder when 610309 is divided by 2219.
84
What is the remainder when 1184757 is divided by 38216?
61
Calculate the remainder when 4953 is divided by 4581.
372
Calculate the remainder when 4638 is divided by 4209.
429
What is the remainder when 61243 is divided by 7362?
2347
Calculate the remainder when 1530693 is divided by 102.
81
What is the remainder when 635893 is divided by 79486?
5
Calculate the remainder when 142064784 is divided by 47354922.
18
Calculate the remainder when 29116812 is divided by 218923.
53
Calculate the remainder when 2265599 is divided by 126.
119
Calculate the remainder when 61857 is divided by 8733.
726
What is the remainder when 48623 is divided by 9683?
208
What is the remainder when 20591 is divided by 3409?
137
What is the remainder when 23206 is divided by 10916?
1374
Calculate the remainder when 139439 is divided by 4808.
7
What is the remainder when 3436157 is divided by 13065?
62
Calculate the remainder when 62957377 is divided by 576.
1
Calculate the remainder when 3579271 is divided by 3023.
39
What is the remainder when 1001591 is divided by 964?
959
Calculate the remainder when 47736 is divided by 36.
0
What is the remainder when 59667 is divided by 7966?
3905
Calculate the remainder when 48233 is divided by 45401.
2832
What is the remainder when 17463023 is divided by 51819?
20
What is the remainder when 29797170 is divided by 333?
330
What is the remainder when 914125 is divided by 1439?
360
Calculate the remainder when 1130992 is divided by 611.
31
Calculate the remainder when 16669 is divided by 5292.
793
What is the remainder when 12299858 is divided by 453?
2
Calculate the remainder when 8553059 is divided by 1783.
8
What is the remainder when 164042 is divided by 2215?
132
Calculate the remainder when 3290085 is divided by 22081.
16
What is the remainder when 8584036 is divided by 21?
13
What is the remainder when 80091 is divided by 8921?
8723
Calculate the remainder when 3188952 is divided by 872.
48
Calculate the remainder when 4151751 is divided by 218494.
365
Calculate the remainder when 322635 is divided by 439.
409
What is the remainder when 25316545 is divided by 601?
21
What is the remainder when 971655 is divided by 242908?
23
What is the remainder when 12761158 is divided by 290?
288
Calculate the remainder when 982943 is divided by 447.
437
Calculate the remainder when 47727 is divided by 987.
351
What is the remainder when 6496745 is divided by 13313?
1
What is the remainder when 2220582 is divided by 23623?
20
What is the remainder when 5999968 is divided by 7472?
7424
Calculate the remainder when 1774810 is divided by 195.
115
Calculate the remainder when 457723583 is divided by 11.
9
What is the remainder when 13478126 is divided by 2695590?
176
What is the remainder when 23394753 is divided by 880?
833
Calculate the remainder when 26781465 is divided by 182.
165
What is the remainder when 395420 is divided by 144?
140
What is the remainder when 348601 is divided by 1599?
19
Calculate the remainder when 1170242 is divided by 1145.
52
What is the remainder when 4243860 is divided by 2250?
360
Calculate the remainder when 82801230 is divided by 4375.
4355
What is the remainder when 2920621 is divided by 1460309?
3
Calculate the remainder when 217870 is divided by 26.
16
What is the remainder when 185884116 is divided by 123?
120
What is the remainder when 36173904 is divided by 4524?
0
What is the remainder when 2403389 is divided by 113?
105
Calculate the remainder when 7014605 is divided by 41.
38
Calculate the remainder when 6098479 is divided by 6098469.
10
Calculate the remainder when 112907024 is divided by 495.
494
Calculate the remainder when 2311342 is divided by 466.
448
Calculate the remainder when 1300692 is divided by 1147.
1141
What is the remainder when 609075 is divided by 42?
33
Calculate the remainder when 1575415 is divided by 197.
6
What is the remainder when 11286352 is divided by 163570?
22
Calculate the remainder when 3125385 is divided by 520897.
3
Calculate the remainder when 1661472 is divided by 15101.
362
Calculate the remainder when 2058396 is divided by 254.
234
What is the remainder when 943967 is divided by 49682?
9
Calculate the remainder when 2795841 is divided by 78.
9
Calculate the remainder when 13767113 is divided by 239.
235
What is the remainder when 196466 is divided by 1804?
1634
What is the remainder when 59637 is divided by 200?
37
Calculate the remainder when 831699 is divided by 72.
27
What is the remainder when 84251 is divided by 1558?
119
What is the remainder when 63841599 is divided by 9305?
9299
What is the remainder when 2485173 is divided by 355015?
68
What is the remainder when 32037054 is divided by 20?
14
Calculate the remainder when 469115 is divided by 156338.
101
Calculate the remainder when 1440754 is divided by 72037.
14
What is the remainder when 73510 is divided by 1880?
190
Calculate the remainder when 18372671 is divided by 1837267.
1
Calculate the remainder when 2634565 is divided by 10.
5
What is the remainder when 380618704 is divided by 25374580?
4
What is the remainder when 912950 is divided by 33?
5
What is the remainder when 12869 is divided by 5490?
1889
What is the remainder when 180232 is divided by 44575?
1932
Calculate the remainder when 47223998 is divided by 72.
62
Calculate the remainder when 15778841 is divided by 279.
275
Calculate the remainder when 1167831 is divided by 3.
0
Calculate the remainder when 1145431 is divided by 17.
5
Calculate the remainder when 7561304 is divided by 4.
0
What is the remainder when 491164 is divided by 3929?
39
Calculate the remainder when 46749 is divided by 7787.
27
What is the remainder when 3099780 is divided by 1257?
18
Calculate the remainder when 1214 is divid